i) = 537*i - 4100. What is the thousands digit of d(15)?
3
Let h be ((-10)/6)/(6/(-270)). Let c = 71 - h. What is the units digit of -6 - c - -92 - 12/4?
7
Suppose 6*z = 2*z + 2*m - 26, -5 = -m. What is the hundreds digit of (0 - 1024)/z + (2 - 1)?
2
Let x = -9373 + 9365. Let q(j) be the third derivative of j**5/20 + j**4/3 + 4*j**3 + j**2. What is the hundreds digit of q(x)?
1
Suppose 5*m = -4*f - 0*f + 4, 0 = 4*f + m - 20. Suppose -2*s + f = -2. Suppose s*y - 102 - 106 = 0. What is the tens digit of y?
5
Let t = 32407 - -3841. Suppose -30*l = -53*l + t. What is the units digit of l?
6
Let g(t) = 16*t - 116. Let z be g(7). What is the tens digit of (3 + z)*1*-111?
1
Let x = -74583 - -106146. Suppose -4*h = -31*h + x. What is the thousands digit of h?
1
Let h = 243399 - 157436. What is the units digit of h?
3
Let l = -30 - -29. Let j be 14/28*(l + 5). Let f = 90 + j. What is the units digit of f?
2
Suppose -z + 436 = -0*c + c, 2*z + 421 = c. Suppose 133 = b - 4*y, 3*b - c = y - 54. Let j = 207 - b. What is the tens digit of j?
8
Let s(a) = -123*a + 638. What is the units digit of s(-4)?
0
What is the units digit of (-2 - -4) + 4 - (-17 + -4260)?
3
Let k(a) = -a**3 - 8*a**2 + 20*a. Let b be k(-10). Suppose b = 5*x - i - 1097, 2*i - 7*i + 15 = 0. What is the hundreds digit of x?
2
Let h(s) = -3*s**2 - 2*s + 396. Suppose -8*v + 5*v = v. What is the units digit of h(v)?
6
Let u(s) = 3*s**2 - 9*s - 10. Suppose 5*d + 43 = 5*n - 3*n, 0 = -5*d - 2*n - 27. What is the hundreds digit of u(d)?
2
Suppose 30*l - 76*l + 5125 + 23073 = 0. What is the units digit of l?
3
Let i be 453/(-15) - (-10)/50. Let r = 65 + i. Suppose -3*a + r = -289. What is the units digit of a?
8
Let t(n) = -90*n + 1756. What is the hundreds digit of t(9)?
9
Suppose -46*a = -101573 + 27602 - 31829. What is the tens digit of a?
0
Let s = 130 + -207. What is the units digit of (-448)/12*330/s?
0
Suppose -15 = 4*f - 7*f. Let c = 9 - f. Suppose 3*r - 138 = -3*y, 5*r = -c*y + 186 + 3. What is the tens digit of y?
4
Suppose 17 = 3*p - g + 31, -5*p + 4*g - 14 = 0. What is the hundreds digit of (-5 + (5 - p))*141/6?
1
Let j = -449 - -496. Suppose -p - 4*z = 3*p - 368, -5*p = 3*z - 466. Let w = j + p. What is the hundreds digit of w?
1
Let p(d) = d**2 - 5*d + 8. Let k be p(0). Suppose 3*s - k = 7. What is the units digit of s?
5
Suppose -4*m - 187284 = -4*x, -9*x + 10*x - 46830 = 4*m. What is the units digit of x?
8
Suppose -w = -21*t + 284924, 0 = 9*t - 5*t + 4*w - 54288. What is the units digit of t?
8
Let h(k) = -117*k - 550. What is the thousands digit of h(-40)?
4
Let q = -131 - -187. Let x = q - 31. What is the tens digit of 35*(35/x - 1)?
1
Suppose -26*s + 31*s + 415 = 0. Let h = s + 86. What is the hundreds digit of (-2756)/(-24) - (h - (-38)/(-12))?
1
Let t(u) = u**2 - 5*u. Let x be t(0). Suppose x*p = 7*p - 2352. What is the tens digit of p?
3
Suppose -20*i + 1925964 = 82*i. What is the ten thousands digit of i?
1
Let s(k) = 20*k**3 - 26*k**2 + 4*k + 17. What is the thousands digit of s(7)?
5
What is the tens digit of 740/(-20350) + (-6805704)/(-110)?
7
Let y(d) = 283*d**2 - 13*d + 8. What is the hundreds digit of y(3)?
5
Let s be (-1 + (-1 - -3) - 6)/(-1). Suppose -8*t + 4254 = -s*t + 3*p, 3*t + 4*p = 4259. What is the units digit of t?
3
Let y(q) = 7*q**2 + 14*q - 1. Suppose 2*v - 26*v - 120 = 0. What is the units digit of y(v)?
4
What is the ten thousands digit of -14 + 63/3 - (-18385 + 0)?
1
Let a(x) = 5*x**2 - 19*x - 5. Suppose 20 = 2*g - 2. What is the hundreds digit of a(g)?
3
Suppose -4*r + 33 = 29. Let j be r/(-7) - (-446)/(-14). Let w = j + 209. What is the units digit of w?
7
Let g(j) = j**3 + 15*j**2 + 5*j + 31. Let h(m) = m**3 + 7*m**2 - 16*m + 7. Let u be h(-9). What is the units digit of g(u)?
0
Let u = -232 + 230. What is the tens digit of ((-110)/(-33))/(u/(-225))?
7
Let t(j) = 3*j**2 + 31*j - 6. Let g be t(-11). What is the hundreds digit of 380 + -2 + (9 - g)?
3
Let f = 115 + 32. Suppose 0*o + 22 = 2*o. Let x = f - o. What is the hundreds digit of x?
1
Let d be 8 + ((-1)/(-1) - 5). Suppose -5*l + 4901 = -3*v, 0 = 2*l - 7*v + d*v - 1964. What is the hundreds digit of l?
9
Suppose 4*n - 38140 = -0*n - 9772. What is the units digit of n?
2
Let l be ((-39)/(-3))/(1/1). Let s = -9 + l. What is the tens digit of 94*((-2)/s)/(6/(-12))?
9
Let n(j) = 6*j**2 - j**3 - 2*j**2 - 5 + 3*j**2 - 4*j. Let h be (12 + 799/(-68))/(2/32). What is the tens digit of n(h)?
2
Let q = -114 - -110. Let y be ((-50)/15 - q)*-102. Let n = y + 158. What is the units digit of n?
0
Suppose 0 = -5*r - 6*r - 253. What is the tens digit of (-136)/(-1564) - 2459/r?
0
Let x = -5515 + 24163. What is the hundreds digit of x?
6
Let m(c) = -c**2 + 18*c - 29. Let s be m(16). Let l be s + (-8)/4 + 2. Suppose 5*q + 2*y - 118 = 0, -4*q + 3*q + l*y + 10 = 0. What is the units digit of q?
2
Let b = 66 - 26. Suppose -2*n + 10 = -n - 2*a, -4*n = 2*a - b. Suppose 9*h + 37 = n*h. What is the tens digit of h?
3
Let q = -3976 - -8073. What is the units digit of q?
7
Suppose -1484*z = -1463*z - 103803. What is the hundreds digit of z?
9
Let o(v) be the first derivative of 19*v**2 + 74*v + 98. What is the units digit of o(5)?
4
Suppose 0 = 35*u - 32*u + 2*y - 91627, -y = 5*u - 152700. What is the ten thousands digit of u?
3
Let h be 496/24*9/6. Let a be 20/10*(-1 + h). Let x = 16 + a. What is the units digit of x?
6
Let q = -638 + 1085. Suppose 5*w = 2*w + q. What is the hundreds digit of w?
1
Suppose -13*o + 2*o = -8*o - 236136. What is the hundreds digit of o?
7
Suppose 4*i + 5*o = 8*i - 196, 2*i + 3*o = 76. Let b = 35 + i. What is the units digit of b?
9
Let c(q) = 2 - 7*q**2 - 4 + 4*q**2 + 3*q + q**3 + q**2. Let x be c(6). Suppose -5*k + 4*a + 196 = 0, -5*k - 3*a + x = 2*a. What is the units digit of k?
6
Suppose 37096 = 5*c + 5471. What is the hundreds digit of c?
3
Let x(s) = -s**2 - 3*s - 80. Let z(j) = -j - 1. Let c(f) = -x(f) - 4*z(f). What is the units digit of c(0)?
4
Suppose 7*z + 28 = 5*z. Let d be (117/(-6))/(1/z) - -4. Let w = 392 - d. What is the hundreds digit of w?
1
Suppose 0 = 10*i - 45 - 15. Let y(d) = -14 + 12 + 21*d - 18. What is the hundreds digit of y(i)?
1
Let b(j) = -j**3 + 11*j**2 + 51*j - 31. What is the units digit of b(-22)?
9
Suppose 0 = 3*r - o - 7958, 5*o - 173 = -138. What is the units digit of r?
5
Suppose -28*m + 23*m = 2*a + 38, 3*m + 2 = 4*a. Suppose 2*p = 7*p - 10. What is the units digit of 2 - 2 - 33/p*m?
9
Let z(q) = 8*q + 147. Let t(c) = -2*c + 1. Let u(s) = 5*t(s) + z(s). What is the hundreds digit of u(-39)?
2
Suppose -18*d + 19254 = 5376. What is the hundreds digit of d?
7
Suppose 4*m = 2*n + 8, 25*m + 4 = 27*m + 3*n. Suppose -3*o = t - 4541, 7*t - 9*t = -m*o + 3030. What is the units digit of o?
4
Suppose -4*c + 34 = 2*v, 22*v - 17*v + 4*c - 79 = 0. What is the units digit of (-357)/(-1) - -2 - (-14 + v)?
8
Suppose 8*o - 9526 = 50. Suppose 5*k - 333 = o. What is the units digit of k?
6
Let t = 52570 + -22891. What is the ten thousands digit of t?
2
Let c = 147 + -140. Suppose 0 = -c*f - 806 + 3060. What is the hundreds digit of f?
3
Let w be ((-5)/1 + 4)*3*4. What is the units digit of 524 + 11 + (w - -6)?
9
Let i be 1010/(-3)*-1*(-9)/2. Let g = i - -2553. What is the hundreds digit of g?
0
Let z = 71 + -38. What is the tens digit of (z + -37)/(278/(-276) + 1)?
5
Let k be ((-604)/6)/(-7*2/(-21)). Let q = 343 + k. Let d = q - -24. What is the units digit of d?
6
Let a(v) = -v**2 + 19*v - 31. Let z be a(17). Suppose 0 = -x - 4*m, z*x + m + 2*m = 0. What is the units digit of 48 - (2 - x - 0)?
6
Let j(f) = 6*f - 34. Let x be j(3). What is the tens digit of (11 - -1)/(x/(-2104))?
7
Let j(v) = 45916*v**3 + 33*v**2 - 37*v + 3. What is the thousands digit of j(1)?
5
Suppose -3*f = k - 9885, -4*f + 39532 = 3*k + k. What is the thousands digit of k?
9
Suppose -5*w + 3*l + 88 = 0, 0*l + 84 = 5*w - 4*l. Suppose i = w + 14. Suppose 38*m - 39*m = -i. What is the units digit of m?
4
Suppose 0*n - 5*n = -0*n. Suppose -q - 3*i = -643, n*q + 5*i = 3*q - 1957. What is the units digit of q?
9
Let l(n) be the third derivative of -n**6/180 - n**5/10 + 11*n**4/12 + n**2. Let u(f) be the second derivative of l(f). What is the tens digit of u(-8)?
2
Let n be (5/10)/((-2)/(-24)). Suppose n =